{"id":13407,"date":"2026-03-25T13:09:56","date_gmt":"2026-03-25T13:09:56","guid":{"rendered":"https:\/\/cidehus.uevora.pt\/agenda\/aula-aberta-construir-a-historia-a-partir-dos-arquivos\/"},"modified":"2026-03-25T13:09:56","modified_gmt":"2026-03-25T13:09:56","slug":"aula-aberta-construir-a-historia-a-partir-dos-arquivos","status":"publish","type":"tribe_events","link":"https:\/\/cidehus.uevora.pt\/en\/calendar\/aula-aberta-construir-a-historia-a-partir-dos-arquivos\/","title":{"rendered":"Aula Aberta | Construir a Hist\u00f3ria a partir do(s) Arquivo(s): Fontes, Informa\u00e7\u00e3o, Patrim\u00f3nio e Mem\u00f3ria da Arquitetura"},"content":{"rendered":"<!--themify_builder_content-->\n<div id=\"themify_builder_content-13407\" data-postid=\"13407\" class=\"themify_builder_content themify_builder_content-13407 themify_builder tf_clear\">\n    \t\t\t\t<div  data-lazy=\"1\" class=\"module_row themify_builder_row tb_dn2u849 tb_first tf_w\">\n\t\t\t\t\t\t<div class=\"row_inner col_align_top tb_col_count_1 tf_box tf_rel\">\n\t\t\t\t\t\t<div  data-lazy=\"1\" class=\"module_column tb-column col-full tb_zsnt849 first\">\n\t\t\t\t\t<!-- module text -->\n<div  class=\"module module-text tb_3yzx669   \" data-lazy=\"1\">\n\t    <div  class=\"tb_text_wrap\">\n\t\t<p>Com Paulo Batista, Diretor do Arquivo Nacional Torre do Tombo, CIDEHUS.U\u00c9vora.<\/p><p>Partindo de uma reflex\u00e3o sobre a import\u00e2ncia dos arquivos para constru\u00e7\u00e3o de mem\u00f3ria coletiva, a produ\u00e7\u00e3o cultural e a prote\u00e7\u00e3o dos direitos dos cidad\u00e3os e das suas organiza\u00e7\u00f5es, evidencia-se o percurso de Jos\u00e9 Luiz Monteiro (1848-1942), como exemplo da rela\u00e7\u00e3o intr\u00ednseca entre as fontes, a informa\u00e7\u00e3o, o patrim\u00f3nio e a mem\u00f3ria da arquitetura. Considerado um dos arquitetos mais bem preparados da sua \u00e9poca, cuja obra deixou uma marca indel\u00e9vel na cidade de Lisboa, todavia, mais de 80 anos desde o seu desaparecimento, a obra do Mestre dos Mestres, como os seus disc\u00edpulos o tratavam, permanece quase totalmente desconhecida do grande p\u00fablico. Deste modo, prop\u00f5e-se uma viagem pelos seus principais projetos de arquitetura em Lisboa, reveladores do modelo ecl\u00e9tico do cosmopolitismo parisiense.<\/p><p>&gt; <a href=\"https:\/\/autonoma.pt\/aula-aberta-construir-a-historia-a-partir-dos-arquivos-fontes-informacao-patrimonio-e-memoria-da-arquitetura\/\" target=\"_blank\" rel=\"noopener\">Inscri\u00e7\u00e3o<\/a><\/p><p>&gt; <a href=\"https:\/\/zoom.us\/j\/98775436451?pwd=NtZ7372vVEaMKWiK4bKcZn6GuBPHK4.1\" target=\"_blank\" rel=\"noopener\">Sess\u00e3o online<\/a> (Senha: 1985)<\/p>    <\/div>\n<\/div>\n<!-- \/module text --><!-- module image -->\n<div  class=\"module module-image tb_46qt650 image-top   tf_mw\" data-lazy=\"1\">\n        <div class=\"image-wrap tf_rel tf_mw\">\n\t\t    <img loading=\"lazy\" decoding=\"async\" width=\"1102\" height=\"1378\" src=\"https:\/\/cidehus.uevora.pt\/wp-content\/uploads\/2026\/03\/aula-arquivos.png\" class=\"wp-post-image wp-image-13403\" title=\"aula-arquivos\" alt=\"aula-arquivos\" srcset=\"https:\/\/cidehus.uevora.pt\/wp-content\/uploads\/2026\/03\/aula-arquivos.png 1102w, https:\/\/cidehus.uevora.pt\/wp-content\/uploads\/2026\/03\/aula-arquivos-240x300.png 240w, https:\/\/cidehus.uevora.pt\/wp-content\/uploads\/2026\/03\/aula-arquivos-819x1024.png 819w, https:\/\/cidehus.uevora.pt\/wp-content\/uploads\/2026\/03\/aula-arquivos-768x960.png 768w\" sizes=\"auto, (max-width: 1102px) 100vw, 1102px\" \/>\t\n\t\t<\/div>\n\t<!-- \/image-wrap -->\n    \n    \t<\/div>\n<!-- \/module image -->\t\t<\/div>\n\t\t\t\t\t\t<\/div>\n\t\t<\/div>\n\t\t<\/div>\n<!--\/themify_builder_content-->","protected":false},"excerpt":{"rendered":"<p>Com Paulo Batista, Diretor do Arquivo Nacional Torre do Tombo, CIDEHUS.U\u00c9vora.<\/p>\n","protected":false},"author":2,"featured_media":13401,"template":"","meta":{"inline_featured_image":false,"_tribe_events_status":"","_tribe_events_status_reason":"","footnotes":"","_links_to":"","_links_to_target":""},"tags":[],"tribe_events_cat":[],"class_list":["post-13407","tribe_events","type-tribe_events","status-publish","has-post-thumbnail","hentry","has-post-title","has-post-date","has-post-category","has-post-tag","has-post-comment","has-post-author",""],"yoast_head":"<title>Aula Aberta | Construir a Hist\u00f3ria a partir do(s) Arquivo(s): Fontes, Informa\u00e7\u00e3o, Patrim\u00f3nio e Mem\u00f3ria da Arquitetura - CIDEHUS<\/title>\n<meta name=\"robots\" content=\"index, follow, max-snippet:-1, max-image-preview:large, max-video-preview:-1\" \/>\n<link rel=\"canonical\" href=\"https:\/\/cidehus.uevora.pt\/en\/calendar\/aula-aberta-construir-a-historia-a-partir-dos-arquivos\/\" \/>\n<meta property=\"og:locale\" content=\"en_US\" \/>\n<meta property=\"og:type\" content=\"article\" \/>\n<meta property=\"og:title\" content=\"Aula Aberta | Construir a Hist\u00f3ria a partir do(s) Arquivo(s): Fontes, Informa\u00e7\u00e3o, Patrim\u00f3nio e Mem\u00f3ria da Arquitetura - CIDEHUS\" \/>\n<meta property=\"og:description\" content=\"Com Paulo Batista, Diretor do Arquivo Nacional Torre do Tombo, CIDEHUS.U\u00c9vora.\" \/>\n<meta property=\"og:url\" content=\"https:\/\/cidehus.uevora.pt\/en\/calendar\/aula-aberta-construir-a-historia-a-partir-dos-arquivos\/\" \/>\n<meta property=\"og:site_name\" content=\"CIDEHUS\" \/>\n<meta property=\"og:image\" content=\"https:\/\/cidehus.uevora.pt\/wp-content\/uploads\/2026\/03\/aula-arquivos.png\" \/>\n<meta name=\"twitter:card\" content=\"summary_large_image\" \/>\n<script type=\"application\/ld+json\" class=\"yoast-schema-graph\">{\"@context\":\"https:\/\/schema.org\",\"@graph\":[{\"@type\":\"WebPage\",\"@id\":\"https:\/\/cidehus.uevora.pt\/en\/calendar\/aula-aberta-construir-a-historia-a-partir-dos-arquivos\/\",\"url\":\"https:\/\/cidehus.uevora.pt\/en\/calendar\/aula-aberta-construir-a-historia-a-partir-dos-arquivos\/\",\"name\":\"Aula Aberta | Construir a Hist\u00f3ria a partir do(s) Arquivo(s): Fontes, Informa\u00e7\u00e3o, Patrim\u00f3nio e Mem\u00f3ria da Arquitetura - CIDEHUS\",\"isPartOf\":{\"@id\":\"https:\/\/cidehus.uevora.pt\/#website\"},\"primaryImageOfPage\":{\"@id\":\"https:\/\/cidehus.uevora.pt\/en\/calendar\/aula-aberta-construir-a-historia-a-partir-dos-arquivos\/#primaryimage\"},\"image\":{\"@id\":\"https:\/\/cidehus.uevora.pt\/en\/calendar\/aula-aberta-construir-a-historia-a-partir-dos-arquivos\/#primaryimage\"},\"thumbnailUrl\":\"https:\/\/cidehus.uevora.pt\/wp-content\/uploads\/2026\/03\/lista-aula-arquivos-1.jpg\",\"datePublished\":\"2026-03-25T13:09:56+00:00\",\"breadcrumb\":{\"@id\":\"https:\/\/cidehus.uevora.pt\/en\/calendar\/aula-aberta-construir-a-historia-a-partir-dos-arquivos\/#breadcrumb\"},\"inLanguage\":\"en-US\",\"potentialAction\":[{\"@type\":\"ReadAction\",\"target\":[\"https:\/\/cidehus.uevora.pt\/en\/calendar\/aula-aberta-construir-a-historia-a-partir-dos-arquivos\/\"]}]},{\"@type\":\"ImageObject\",\"inLanguage\":\"en-US\",\"@id\":\"https:\/\/cidehus.uevora.pt\/en\/calendar\/aula-aberta-construir-a-historia-a-partir-dos-arquivos\/#primaryimage\",\"url\":\"https:\/\/cidehus.uevora.pt\/wp-content\/uploads\/2026\/03\/lista-aula-arquivos-1.jpg\",\"contentUrl\":\"https:\/\/cidehus.uevora.pt\/wp-content\/uploads\/2026\/03\/lista-aula-arquivos-1.jpg\",\"width\":1899,\"height\":815},{\"@type\":\"BreadcrumbList\",\"@id\":\"https:\/\/cidehus.uevora.pt\/en\/calendar\/aula-aberta-construir-a-historia-a-partir-dos-arquivos\/#breadcrumb\",\"itemListElement\":[{\"@type\":\"ListItem\",\"position\":1,\"name\":\"In\u00edcio\",\"item\":\"https:\/\/cidehus.uevora.pt\/en\/\"},{\"@type\":\"ListItem\",\"position\":2,\"name\":\"Eventos\",\"item\":\"https:\/\/cidehus.uevora.pt\/agenda\/\"},{\"@type\":\"ListItem\",\"position\":3,\"name\":\"Aula Aberta | Construir a Hist\u00f3ria a partir do(s) Arquivo(s): Fontes, Informa\u00e7\u00e3o, Patrim\u00f3nio e Mem\u00f3ria da Arquitetura\"}]},{\"@type\":\"WebSite\",\"@id\":\"https:\/\/cidehus.uevora.pt\/#website\",\"url\":\"https:\/\/cidehus.uevora.pt\/\",\"name\":\"CIDEHUS\",\"description\":\"CIDEHUS\",\"potentialAction\":[{\"@type\":\"SearchAction\",\"target\":{\"@type\":\"EntryPoint\",\"urlTemplate\":\"https:\/\/cidehus.uevora.pt\/?s={search_term_string}\"},\"query-input\":{\"@type\":\"PropertyValueSpecification\",\"valueRequired\":true,\"valueName\":\"search_term_string\"}}],\"inLanguage\":\"en-US\"}]}<\/script>","yoast_head_json":{"title":"Aula Aberta | Construir a Hist\u00f3ria a partir do(s) Arquivo(s): Fontes, Informa\u00e7\u00e3o, Patrim\u00f3nio e Mem\u00f3ria da Arquitetura - CIDEHUS","robots":{"index":"index","follow":"follow","max-snippet":"max-snippet:-1","max-image-preview":"max-image-preview:large","max-video-preview":"max-video-preview:-1"},"canonical":"https:\/\/cidehus.uevora.pt\/en\/calendar\/aula-aberta-construir-a-historia-a-partir-dos-arquivos\/","og_locale":"en_US","og_type":"article","og_title":"Aula Aberta | Construir a Hist\u00f3ria a partir do(s) Arquivo(s): Fontes, Informa\u00e7\u00e3o, Patrim\u00f3nio e Mem\u00f3ria da Arquitetura - CIDEHUS","og_description":"Com Paulo Batista, Diretor do Arquivo Nacional Torre do Tombo, CIDEHUS.U\u00c9vora.","og_url":"https:\/\/cidehus.uevora.pt\/en\/calendar\/aula-aberta-construir-a-historia-a-partir-dos-arquivos\/","og_site_name":"CIDEHUS","og_image":[{"url":"https:\/\/cidehus.uevora.pt\/wp-content\/uploads\/2026\/03\/aula-arquivos.png","type":"","width":"","height":""}],"twitter_card":"summary_large_image","schema":{"@context":"https:\/\/schema.org","@graph":[{"@type":"WebPage","@id":"https:\/\/cidehus.uevora.pt\/en\/calendar\/aula-aberta-construir-a-historia-a-partir-dos-arquivos\/","url":"https:\/\/cidehus.uevora.pt\/en\/calendar\/aula-aberta-construir-a-historia-a-partir-dos-arquivos\/","name":"Aula Aberta | Construir a Hist\u00f3ria a partir do(s) Arquivo(s): Fontes, Informa\u00e7\u00e3o, Patrim\u00f3nio e Mem\u00f3ria da Arquitetura - CIDEHUS","isPartOf":{"@id":"https:\/\/cidehus.uevora.pt\/#website"},"primaryImageOfPage":{"@id":"https:\/\/cidehus.uevora.pt\/en\/calendar\/aula-aberta-construir-a-historia-a-partir-dos-arquivos\/#primaryimage"},"image":{"@id":"https:\/\/cidehus.uevora.pt\/en\/calendar\/aula-aberta-construir-a-historia-a-partir-dos-arquivos\/#primaryimage"},"thumbnailUrl":"https:\/\/cidehus.uevora.pt\/wp-content\/uploads\/2026\/03\/lista-aula-arquivos-1.jpg","datePublished":"2026-03-25T13:09:56+00:00","breadcrumb":{"@id":"https:\/\/cidehus.uevora.pt\/en\/calendar\/aula-aberta-construir-a-historia-a-partir-dos-arquivos\/#breadcrumb"},"inLanguage":"en-US","potentialAction":[{"@type":"ReadAction","target":["https:\/\/cidehus.uevora.pt\/en\/calendar\/aula-aberta-construir-a-historia-a-partir-dos-arquivos\/"]}]},{"@type":"ImageObject","inLanguage":"en-US","@id":"https:\/\/cidehus.uevora.pt\/en\/calendar\/aula-aberta-construir-a-historia-a-partir-dos-arquivos\/#primaryimage","url":"https:\/\/cidehus.uevora.pt\/wp-content\/uploads\/2026\/03\/lista-aula-arquivos-1.jpg","contentUrl":"https:\/\/cidehus.uevora.pt\/wp-content\/uploads\/2026\/03\/lista-aula-arquivos-1.jpg","width":1899,"height":815},{"@type":"BreadcrumbList","@id":"https:\/\/cidehus.uevora.pt\/en\/calendar\/aula-aberta-construir-a-historia-a-partir-dos-arquivos\/#breadcrumb","itemListElement":[{"@type":"ListItem","position":1,"name":"In\u00edcio","item":"https:\/\/cidehus.uevora.pt\/en\/"},{"@type":"ListItem","position":2,"name":"Eventos","item":"https:\/\/cidehus.uevora.pt\/agenda\/"},{"@type":"ListItem","position":3,"name":"Aula Aberta | Construir a Hist\u00f3ria a partir do(s) Arquivo(s): Fontes, Informa\u00e7\u00e3o, Patrim\u00f3nio e Mem\u00f3ria da Arquitetura"}]},{"@type":"WebSite","@id":"https:\/\/cidehus.uevora.pt\/#website","url":"https:\/\/cidehus.uevora.pt\/","name":"CIDEHUS","description":"CIDEHUS","potentialAction":[{"@type":"SearchAction","target":{"@type":"EntryPoint","urlTemplate":"https:\/\/cidehus.uevora.pt\/?s={search_term_string}"},"query-input":{"@type":"PropertyValueSpecification","valueRequired":true,"valueName":"search_term_string"}}],"inLanguage":"en-US"}]}},"_links":{"self":[{"href":"https:\/\/cidehus.uevora.pt\/en\/wp-json\/wp\/v2\/tribe_events\/13407","targetHints":{"allow":["GET"]}}],"collection":[{"href":"https:\/\/cidehus.uevora.pt\/en\/wp-json\/wp\/v2\/tribe_events"}],"about":[{"href":"https:\/\/cidehus.uevora.pt\/en\/wp-json\/wp\/v2\/types\/tribe_events"}],"author":[{"embeddable":true,"href":"https:\/\/cidehus.uevora.pt\/en\/wp-json\/wp\/v2\/users\/2"}],"version-history":[{"count":0,"href":"https:\/\/cidehus.uevora.pt\/en\/wp-json\/wp\/v2\/tribe_events\/13407\/revisions"}],"wp:featuredmedia":[{"embeddable":true,"href":"https:\/\/cidehus.uevora.pt\/en\/wp-json\/wp\/v2\/media\/13401"}],"wp:attachment":[{"href":"https:\/\/cidehus.uevora.pt\/en\/wp-json\/wp\/v2\/media?parent=13407"}],"wp:term":[{"taxonomy":"post_tag","embeddable":true,"href":"https:\/\/cidehus.uevora.pt\/en\/wp-json\/wp\/v2\/tags?post=13407"},{"taxonomy":"tribe_events_cat","embeddable":true,"href":"https:\/\/cidehus.uevora.pt\/en\/wp-json\/wp\/v2\/tribe_events_cat?post=13407"}],"curies":[{"name":"wp","href":"https:\/\/api.w.org\/{rel}","templated":true}]}}

Aula Aberta | Construir a História a partir do(s) Arquivo(s): Fontes, Informação, Património e Memória da Arquitetura

<!--themify_builder_content-->
<div id="themify_builder_content-13407" data-postid="13407" class="themify_builder_content themify_builder_content-13407 themify_builder tf_clear">
    				<div  data-lazy="1" class="module_row themify_builder_row tb_dn2u849 tb_first tf_w">
						<div class="row_inner col_align_top tb_col_count_1 tf_box tf_rel">
						<div  data-lazy="1" class="module_column tb-column col-full tb_zsnt849 first">
					<!-- module text -->
<div  class="module module-text tb_3yzx669   " data-lazy="1">
	    <div  class="tb_text_wrap">
		<p>Com Paulo Batista, Diretor do Arquivo Nacional Torre do Tombo, CIDEHUS.UÉvora.</p><p>Partindo de uma reflexão sobre a importância dos arquivos para construção de memória coletiva, a produção cultural e a proteção dos direitos dos cidadãos e das suas organizações, evidencia-se o percurso de José Luiz Monteiro (1848-1942), como exemplo da relação intrínseca entre as fontes, a informação, o património e a memória da arquitetura. Considerado um dos arquitetos mais bem preparados da sua época, cuja obra deixou uma marca indelével na cidade de Lisboa, todavia, mais de 80 anos desde o seu desaparecimento, a obra do Mestre dos Mestres, como os seus discípulos o tratavam, permanece quase totalmente desconhecida do grande público. Deste modo, propõe-se uma viagem pelos seus principais projetos de arquitetura em Lisboa, reveladores do modelo eclético do cosmopolitismo parisiense.</p><p>&gt; <a href="https://autonoma.pt/aula-aberta-construir-a-historia-a-partir-dos-arquivos-fontes-informacao-patrimonio-e-memoria-da-arquitetura/" target="_blank" rel="noopener">Inscrição</a></p><p>&gt; <a href="https://zoom.us/j/98775436451?pwd=NtZ7372vVEaMKWiK4bKcZn6GuBPHK4.1" target="_blank" rel="noopener">Sessão online</a> (Senha: 1985)</p>    </div>
</div>
<!-- /module text --><!-- module image -->
<div  class="module module-image tb_46qt650 image-top   tf_mw" data-lazy="1">
        <div class="image-wrap tf_rel tf_mw">
		    <img loading="lazy" decoding="async" width="1102" height="1378" src="https://cidehus.uevora.pt/wp-content/uploads/2026/03/aula-arquivos.png" class="wp-post-image wp-image-13403" title="aula-arquivos" alt="aula-arquivos" srcset="https://cidehus.uevora.pt/wp-content/uploads/2026/03/aula-arquivos.png 1102w, https://cidehus.uevora.pt/wp-content/uploads/2026/03/aula-arquivos-240x300.png 240w, https://cidehus.uevora.pt/wp-content/uploads/2026/03/aula-arquivos-819x1024.png 819w, https://cidehus.uevora.pt/wp-content/uploads/2026/03/aula-arquivos-768x960.png 768w" sizes="auto, (max-width: 1102px) 100vw, 1102px" />	
		</div>
	<!-- /image-wrap -->
    
    	</div>
<!-- /module image -->		</div>
						</div>
		</div>
		</div>
<!--/themify_builder_content-->

<p>Com Paulo Batista, Diretor do Arquivo Nacional Torre do Tombo, CIDEHUS.UÉvora.</p>

<title>Aula Aberta | Construir a História a partir do(s) Arquivo(s): Fontes, Informação, Património e Memória da Arquitetura - CIDEHUS</title>
<meta name="robots" content="index, follow, max-snippet:-1, max-image-preview:large, max-video-preview:-1" />
<link rel="canonical" href="https://cidehus.uevora.pt/en/calendar/aula-aberta-construir-a-historia-a-partir-dos-arquivos/" />
<meta property="og:locale" content="en_US" />
<meta property="og:type" content="article" />
<meta property="og:title" content="Aula Aberta | Construir a História a partir do(s) Arquivo(s): Fontes, Informação, Património e Memória da Arquitetura - CIDEHUS" />
<meta property="og:description" content="Com Paulo Batista, Diretor do Arquivo Nacional Torre do Tombo, CIDEHUS.UÉvora." />
<meta property="og:url" content="https://cidehus.uevora.pt/en/calendar/aula-aberta-construir-a-historia-a-partir-dos-arquivos/" />
<meta property="og:site_name" content="CIDEHUS" />
<meta property="og:image" content="https://cidehus.uevora.pt/wp-content/uploads/2026/03/aula-arquivos.png" />
<meta name="twitter:card" content="summary_large_image" />
<script type="application/ld+json" class="yoast-schema-graph">{"@context":"https://schema.org","@graph":[{"@type":"WebPage","@id":"https://cidehus.uevora.pt/en/calendar/aula-aberta-construir-a-historia-a-partir-dos-arquivos/","url":"https://cidehus.uevora.pt/en/calendar/aula-aberta-construir-a-historia-a-partir-dos-arquivos/","name":"Aula Aberta | Construir a História a partir do(s) Arquivo(s): Fontes, Informação, Património e Memória da Arquitetura - CIDEHUS","isPartOf":{"@id":"https://cidehus.uevora.pt/#website"},"primaryImageOfPage":{"@id":"https://cidehus.uevora.pt/en/calendar/aula-aberta-construir-a-historia-a-partir-dos-arquivos/#primaryimage"},"image":{"@id":"https://cidehus.uevora.pt/en/calendar/aula-aberta-construir-a-historia-a-partir-dos-arquivos/#primaryimage"},"thumbnailUrl":"https://cidehus.uevora.pt/wp-content/uploads/2026/03/lista-aula-arquivos-1.jpg","datePublished":"2026-03-25T13:09:56+00:00","breadcrumb":{"@id":"https://cidehus.uevora.pt/en/calendar/aula-aberta-construir-a-historia-a-partir-dos-arquivos/#breadcrumb"},"inLanguage":"en-US","potentialAction":[{"@type":"ReadAction","target":["https://cidehus.uevora.pt/en/calendar/aula-aberta-construir-a-historia-a-partir-dos-arquivos/"]}]},{"@type":"ImageObject","inLanguage":"en-US","@id":"https://cidehus.uevora.pt/en/calendar/aula-aberta-construir-a-historia-a-partir-dos-arquivos/#primaryimage","url":"https://cidehus.uevora.pt/wp-content/uploads/2026/03/lista-aula-arquivos-1.jpg","contentUrl":"https://cidehus.uevora.pt/wp-content/uploads/2026/03/lista-aula-arquivos-1.jpg","width":1899,"height":815},{"@type":"BreadcrumbList","@id":"https://cidehus.uevora.pt/en/calendar/aula-aberta-construir-a-historia-a-partir-dos-arquivos/#breadcrumb","itemListElement":[{"@type":"ListItem","position":1,"name":"Início","item":"https://cidehus.uevora.pt/en/"},{"@type":"ListItem","position":2,"name":"Eventos","item":"https://cidehus.uevora.pt/agenda/"},{"@type":"ListItem","position":3,"name":"Aula Aberta | Construir a História a partir do(s) Arquivo(s): Fontes, Informação, Património e Memória da Arquitetura"}]},{"@type":"WebSite","@id":"https://cidehus.uevora.pt/#website","url":"https://cidehus.uevora.pt/","name":"CIDEHUS","description":"CIDEHUS","potentialAction":[{"@type":"SearchAction","target":{"@type":"EntryPoint","urlTemplate":"https://cidehus.uevora.pt/?s={search_term_string}"},"query-input":{"@type":"PropertyValueSpecification","valueRequired":true,"valueName":"search_term_string"}}],"inLanguage":"en-US"}]}</script>

Aula Aberta | Construir a História a partir do(s) Arquivo(s): Fontes, Informação, Património e Memória da Arquitetura - CIDEHUS

Com Paulo Batista, Diretor do Arquivo Nacional Torre do Tombo, CIDEHUS.UÉvora.

Início
