{"id":6454,"date":"2024-10-09T15:14:28","date_gmt":"2024-10-09T14:14:28","guid":{"rendered":"https:\/\/cidehus.uevora.pt\/agenda\/aquiles-estaco\/"},"modified":"2024-10-09T15:14:28","modified_gmt":"2024-10-09T14:14:28","slug":"aquiles-estaco","status":"publish","type":"tribe_events","link":"https:\/\/cidehus.uevora.pt\/en\/calendar\/aquiles-estaco\/","title":{"rendered":"Celebra\u00e7\u00f5es Internacionais em ocasi\u00e3o do V Centen\u00e1rio nascimento de Aquiles Esta\u00e7o (1524-2024)"},"content":{"rendered":"<!--themify_builder_content-->\n<div id=\"themify_builder_content-6454\" data-postid=\"6454\" class=\"themify_builder_content themify_builder_content-6454 themify_builder tf_clear\">\n    \t\t\t\t<div  data-lazy=\"1\" class=\"module_row themify_builder_row tb_znbr361 tb_first tf_w\">\n\t\t\t\t\t\t<div class=\"row_inner col_align_top tb_col_count_1 tf_box tf_rel\">\n\t\t\t\t\t\t<div  data-lazy=\"1\" class=\"module_column tb-column col-full tb_bar8361 first\">\n\t\t\t\t\t<!-- module text -->\n<div  class=\"module module-text tb_olw9532   \" data-lazy=\"1\">\n\t    <div  class=\"tb_text_wrap\">\n\t\t<p>No \u00e2mbito das celebra\u00e7\u00f5es Internacionais em ocasi\u00e3o do V Centen\u00e1rio nascimento de Aquiles Esta\u00e7o (1524-2024), ser\u00e1 inaugurada, na Biblioteca P\u00fablica de \u00c9vora, pelas 11h, a exposi\u00e7\u00e3o &#8220;Aquiles Esta\u00e7o, um humanista portugu\u00eas na Europa do s\u00e9c. XVI&#8221;. Seguir-se-\u00e1, pelas 15h, uma Mesa-Redonda referente ao tema, na sala 124 do Col\u00e9gio do Esp\u00edrito Santo da Universidade de \u00c9vora.<\/p>    <\/div>\n<\/div>\n<!-- \/module text -->\t\t<\/div>\n\t\t\t\t\t\t<\/div>\n\t\t<\/div>\n\t\t\t\t\t\t<div  data-lazy=\"1\" class=\"module_row themify_builder_row tb_hcao501 tf_w\">\n\t\t\t\t\t\t<div class=\"row_inner col_align_top tb_col_count_1 tf_box tf_rel\">\n\t\t\t\t\t\t<div  data-lazy=\"1\" class=\"module_column tb-column col-full tb_sxor502 first\">\n\t\t\t\t\t<!-- module image -->\n<div  class=\"module module-image tb_6rph8 image-top   tf_mw\" data-lazy=\"1\">\n        <div class=\"image-wrap tf_rel tf_mw\">\n\t\t    <img loading=\"lazy\" decoding=\"async\" width=\"1654\" height=\"2339\" src=\"https:\/\/cidehus.uevora.pt\/wp-content\/uploads\/2024\/10\/aquiles-estaco.jpg\" class=\"wp-post-image wp-image-6445\" title=\"aquiles-esta\u00e7o\" alt=\"aquiles-esta\u00e7o\" srcset=\"https:\/\/cidehus.uevora.pt\/wp-content\/uploads\/2024\/10\/aquiles-estaco.jpg 1654w, https:\/\/cidehus.uevora.pt\/wp-content\/uploads\/2024\/10\/aquiles-estaco-212x300.jpg 212w, https:\/\/cidehus.uevora.pt\/wp-content\/uploads\/2024\/10\/aquiles-estaco-724x1024.jpg 724w, https:\/\/cidehus.uevora.pt\/wp-content\/uploads\/2024\/10\/aquiles-estaco-768x1086.jpg 768w, https:\/\/cidehus.uevora.pt\/wp-content\/uploads\/2024\/10\/aquiles-estaco-1086x1536.jpg 1086w, https:\/\/cidehus.uevora.pt\/wp-content\/uploads\/2024\/10\/aquiles-estaco-1448x2048.jpg 1448w\" sizes=\"auto, (max-width: 1654px) 100vw, 1654px\" \/>\t\n\t\t<\/div>\n\t<!-- \/image-wrap -->\n    \n    \t<\/div>\n<!-- \/module image -->\t\t<\/div>\n\t\t\t\t\t\t<\/div>\n\t\t<\/div>\n\t\t<\/div>\n<!--\/themify_builder_content-->","protected":false},"excerpt":{"rendered":"<p>Inaugura\u00e7\u00e3o da exposi\u00e7\u00e3o &#8220;Aquiles Esta\u00e7o, um humanista portugu\u00eas na Europa do s\u00e9c. XVI&#8221; e Mesa-Redonda.<\/p>\n","protected":false},"author":2,"featured_media":6490,"template":"","meta":{"inline_featured_image":false,"_tribe_events_status":"","_tribe_events_status_reason":"","footnotes":"","_links_to":"","_links_to_target":""},"tags":[],"tribe_events_cat":[],"class_list":["post-6454","tribe_events","type-tribe_events","status-publish","has-post-thumbnail","hentry","has-post-title","has-post-date","has-post-category","has-post-tag","has-post-comment","has-post-author",""],"yoast_head":"<title>Celebra\u00e7\u00f5es Internacionais em ocasi\u00e3o do V Centen\u00e1rio nascimento de Aquiles Esta\u00e7o (1524-2024) - CIDEHUS<\/title>\n<meta name=\"description\" content=\"Inaugura\u00e7\u00e3o da exposi\u00e7\u00e3o &quot;Aquiles Esta\u00e7o, um humanista portugu\u00eas na Europa do s\u00e9c. XVI&quot; e Mesa-Redonda.\" \/>\n<meta name=\"robots\" content=\"index, follow, max-snippet:-1, max-image-preview:large, max-video-preview:-1\" \/>\n<link rel=\"canonical\" href=\"https:\/\/cidehus.uevora.pt\/en\/calendar\/aquiles-estaco\/\" \/>\n<meta property=\"og:locale\" content=\"en_US\" \/>\n<meta property=\"og:type\" content=\"article\" \/>\n<meta property=\"og:title\" content=\"Celebra\u00e7\u00f5es Internacionais em ocasi\u00e3o do V Centen\u00e1rio nascimento de Aquiles Esta\u00e7o (1524-2024) - CIDEHUS\" \/>\n<meta property=\"og:description\" content=\"Inaugura\u00e7\u00e3o da exposi\u00e7\u00e3o &quot;Aquiles Esta\u00e7o, um humanista portugu\u00eas na Europa do s\u00e9c. XVI&quot; e Mesa-Redonda.\" \/>\n<meta property=\"og:url\" content=\"https:\/\/cidehus.uevora.pt\/en\/calendar\/aquiles-estaco\/\" \/>\n<meta property=\"og:site_name\" content=\"CIDEHUS\" \/>\n<meta property=\"og:image\" content=\"https:\/\/cidehus.uevora.pt\/wp-content\/uploads\/2024\/10\/capa-aquiles-1.jpg\" \/>\n\t<meta property=\"og:image:width\" content=\"512\" \/>\n\t<meta property=\"og:image:height\" content=\"240\" \/>\n\t<meta property=\"og:image:type\" content=\"image\/jpeg\" \/>\n<meta name=\"twitter:card\" content=\"summary_large_image\" \/>\n<script type=\"application\/ld+json\" class=\"yoast-schema-graph\">{\"@context\":\"https:\/\/schema.org\",\"@graph\":[{\"@type\":\"WebPage\",\"@id\":\"https:\/\/cidehus.uevora.pt\/en\/calendar\/aquiles-estaco\/\",\"url\":\"https:\/\/cidehus.uevora.pt\/en\/calendar\/aquiles-estaco\/\",\"name\":\"Celebra\u00e7\u00f5es Internacionais em ocasi\u00e3o do V Centen\u00e1rio nascimento de Aquiles Esta\u00e7o (1524-2024) - CIDEHUS\",\"isPartOf\":{\"@id\":\"https:\/\/cidehus.uevora.pt\/#website\"},\"primaryImageOfPage\":{\"@id\":\"https:\/\/cidehus.uevora.pt\/en\/calendar\/aquiles-estaco\/#primaryimage\"},\"image\":{\"@id\":\"https:\/\/cidehus.uevora.pt\/en\/calendar\/aquiles-estaco\/#primaryimage\"},\"thumbnailUrl\":\"https:\/\/cidehus.uevora.pt\/wp-content\/uploads\/2024\/10\/capa-aquiles-1.jpg\",\"datePublished\":\"2024-10-09T14:14:28+00:00\",\"description\":\"Inaugura\u00e7\u00e3o da exposi\u00e7\u00e3o \\\"Aquiles Esta\u00e7o, um humanista portugu\u00eas na Europa do s\u00e9c. XVI\\\" e Mesa-Redonda.\",\"breadcrumb\":{\"@id\":\"https:\/\/cidehus.uevora.pt\/en\/calendar\/aquiles-estaco\/#breadcrumb\"},\"inLanguage\":\"en-US\",\"potentialAction\":[{\"@type\":\"ReadAction\",\"target\":[\"https:\/\/cidehus.uevora.pt\/en\/calendar\/aquiles-estaco\/\"]}]},{\"@type\":\"ImageObject\",\"inLanguage\":\"en-US\",\"@id\":\"https:\/\/cidehus.uevora.pt\/en\/calendar\/aquiles-estaco\/#primaryimage\",\"url\":\"https:\/\/cidehus.uevora.pt\/wp-content\/uploads\/2024\/10\/capa-aquiles-1.jpg\",\"contentUrl\":\"https:\/\/cidehus.uevora.pt\/wp-content\/uploads\/2024\/10\/capa-aquiles-1.jpg\",\"width\":512,\"height\":240},{\"@type\":\"BreadcrumbList\",\"@id\":\"https:\/\/cidehus.uevora.pt\/en\/calendar\/aquiles-estaco\/#breadcrumb\",\"itemListElement\":[{\"@type\":\"ListItem\",\"position\":1,\"name\":\"In\u00edcio\",\"item\":\"https:\/\/cidehus.uevora.pt\/en\/\"},{\"@type\":\"ListItem\",\"position\":2,\"name\":\"Eventos\",\"item\":\"https:\/\/cidehus.uevora.pt\/agenda\/\"},{\"@type\":\"ListItem\",\"position\":3,\"name\":\"Celebra\u00e7\u00f5es Internacionais em ocasi\u00e3o do V Centen\u00e1rio nascimento de Aquiles Esta\u00e7o (1524-2024)\"}]},{\"@type\":\"WebSite\",\"@id\":\"https:\/\/cidehus.uevora.pt\/#website\",\"url\":\"https:\/\/cidehus.uevora.pt\/\",\"name\":\"CIDEHUS\",\"description\":\"CIDEHUS\",\"potentialAction\":[{\"@type\":\"SearchAction\",\"target\":{\"@type\":\"EntryPoint\",\"urlTemplate\":\"https:\/\/cidehus.uevora.pt\/?s={search_term_string}\"},\"query-input\":{\"@type\":\"PropertyValueSpecification\",\"valueRequired\":true,\"valueName\":\"search_term_string\"}}],\"inLanguage\":\"en-US\"}]}<\/script>","yoast_head_json":{"title":"Celebra\u00e7\u00f5es Internacionais em ocasi\u00e3o do V Centen\u00e1rio nascimento de Aquiles Esta\u00e7o (1524-2024) - CIDEHUS","description":"Inaugura\u00e7\u00e3o da exposi\u00e7\u00e3o \"Aquiles Esta\u00e7o, um humanista portugu\u00eas na Europa do s\u00e9c. XVI\" e Mesa-Redonda.","robots":{"index":"index","follow":"follow","max-snippet":"max-snippet:-1","max-image-preview":"max-image-preview:large","max-video-preview":"max-video-preview:-1"},"canonical":"https:\/\/cidehus.uevora.pt\/en\/calendar\/aquiles-estaco\/","og_locale":"en_US","og_type":"article","og_title":"Celebra\u00e7\u00f5es Internacionais em ocasi\u00e3o do V Centen\u00e1rio nascimento de Aquiles Esta\u00e7o (1524-2024) - CIDEHUS","og_description":"Inaugura\u00e7\u00e3o da exposi\u00e7\u00e3o \"Aquiles Esta\u00e7o, um humanista portugu\u00eas na Europa do s\u00e9c. XVI\" e Mesa-Redonda.","og_url":"https:\/\/cidehus.uevora.pt\/en\/calendar\/aquiles-estaco\/","og_site_name":"CIDEHUS","og_image":[{"width":512,"height":240,"url":"https:\/\/cidehus.uevora.pt\/wp-content\/uploads\/2024\/10\/capa-aquiles-1.jpg","type":"image\/jpeg"}],"twitter_card":"summary_large_image","schema":{"@context":"https:\/\/schema.org","@graph":[{"@type":"WebPage","@id":"https:\/\/cidehus.uevora.pt\/en\/calendar\/aquiles-estaco\/","url":"https:\/\/cidehus.uevora.pt\/en\/calendar\/aquiles-estaco\/","name":"Celebra\u00e7\u00f5es Internacionais em ocasi\u00e3o do V Centen\u00e1rio nascimento de Aquiles Esta\u00e7o (1524-2024) - CIDEHUS","isPartOf":{"@id":"https:\/\/cidehus.uevora.pt\/#website"},"primaryImageOfPage":{"@id":"https:\/\/cidehus.uevora.pt\/en\/calendar\/aquiles-estaco\/#primaryimage"},"image":{"@id":"https:\/\/cidehus.uevora.pt\/en\/calendar\/aquiles-estaco\/#primaryimage"},"thumbnailUrl":"https:\/\/cidehus.uevora.pt\/wp-content\/uploads\/2024\/10\/capa-aquiles-1.jpg","datePublished":"2024-10-09T14:14:28+00:00","description":"Inaugura\u00e7\u00e3o da exposi\u00e7\u00e3o \"Aquiles Esta\u00e7o, um humanista portugu\u00eas na Europa do s\u00e9c. XVI\" e Mesa-Redonda.","breadcrumb":{"@id":"https:\/\/cidehus.uevora.pt\/en\/calendar\/aquiles-estaco\/#breadcrumb"},"inLanguage":"en-US","potentialAction":[{"@type":"ReadAction","target":["https:\/\/cidehus.uevora.pt\/en\/calendar\/aquiles-estaco\/"]}]},{"@type":"ImageObject","inLanguage":"en-US","@id":"https:\/\/cidehus.uevora.pt\/en\/calendar\/aquiles-estaco\/#primaryimage","url":"https:\/\/cidehus.uevora.pt\/wp-content\/uploads\/2024\/10\/capa-aquiles-1.jpg","contentUrl":"https:\/\/cidehus.uevora.pt\/wp-content\/uploads\/2024\/10\/capa-aquiles-1.jpg","width":512,"height":240},{"@type":"BreadcrumbList","@id":"https:\/\/cidehus.uevora.pt\/en\/calendar\/aquiles-estaco\/#breadcrumb","itemListElement":[{"@type":"ListItem","position":1,"name":"In\u00edcio","item":"https:\/\/cidehus.uevora.pt\/en\/"},{"@type":"ListItem","position":2,"name":"Eventos","item":"https:\/\/cidehus.uevora.pt\/agenda\/"},{"@type":"ListItem","position":3,"name":"Celebra\u00e7\u00f5es Internacionais em ocasi\u00e3o do V Centen\u00e1rio nascimento de Aquiles Esta\u00e7o (1524-2024)"}]},{"@type":"WebSite","@id":"https:\/\/cidehus.uevora.pt\/#website","url":"https:\/\/cidehus.uevora.pt\/","name":"CIDEHUS","description":"CIDEHUS","potentialAction":[{"@type":"SearchAction","target":{"@type":"EntryPoint","urlTemplate":"https:\/\/cidehus.uevora.pt\/?s={search_term_string}"},"query-input":{"@type":"PropertyValueSpecification","valueRequired":true,"valueName":"search_term_string"}}],"inLanguage":"en-US"}]}},"_links":{"self":[{"href":"https:\/\/cidehus.uevora.pt\/en\/wp-json\/wp\/v2\/tribe_events\/6454","targetHints":{"allow":["GET"]}}],"collection":[{"href":"https:\/\/cidehus.uevora.pt\/en\/wp-json\/wp\/v2\/tribe_events"}],"about":[{"href":"https:\/\/cidehus.uevora.pt\/en\/wp-json\/wp\/v2\/types\/tribe_events"}],"author":[{"embeddable":true,"href":"https:\/\/cidehus.uevora.pt\/en\/wp-json\/wp\/v2\/users\/2"}],"version-history":[{"count":0,"href":"https:\/\/cidehus.uevora.pt\/en\/wp-json\/wp\/v2\/tribe_events\/6454\/revisions"}],"wp:featuredmedia":[{"embeddable":true,"href":"https:\/\/cidehus.uevora.pt\/en\/wp-json\/wp\/v2\/media\/6490"}],"wp:attachment":[{"href":"https:\/\/cidehus.uevora.pt\/en\/wp-json\/wp\/v2\/media?parent=6454"}],"wp:term":[{"taxonomy":"post_tag","embeddable":true,"href":"https:\/\/cidehus.uevora.pt\/en\/wp-json\/wp\/v2\/tags?post=6454"},{"taxonomy":"tribe_events_cat","embeddable":true,"href":"https:\/\/cidehus.uevora.pt\/en\/wp-json\/wp\/v2\/tribe_events_cat?post=6454"}],"curies":[{"name":"wp","href":"https:\/\/api.w.org\/{rel}","templated":true}]}}

Celebrações Internacionais em ocasião do V Centenário nascimento de Aquiles Estaço (1524-2024)

<!--themify_builder_content-->
<div id="themify_builder_content-6454" data-postid="6454" class="themify_builder_content themify_builder_content-6454 themify_builder tf_clear">
    				<div  data-lazy="1" class="module_row themify_builder_row tb_znbr361 tb_first tf_w">
						<div class="row_inner col_align_top tb_col_count_1 tf_box tf_rel">
						<div  data-lazy="1" class="module_column tb-column col-full tb_bar8361 first">
					<!-- module text -->
<div  class="module module-text tb_olw9532   " data-lazy="1">
	    <div  class="tb_text_wrap">
		<p>No âmbito das celebrações Internacionais em ocasião do V Centenário nascimento de Aquiles Estaço (1524-2024), será inaugurada, na Biblioteca Pública de Évora, pelas 11h, a exposição &#8220;Aquiles Estaço, um humanista português na Europa do séc. XVI&#8221;. Seguir-se-á, pelas 15h, uma Mesa-Redonda referente ao tema, na sala 124 do Colégio do Espírito Santo da Universidade de Évora.</p>    </div>
</div>
<!-- /module text -->		</div>
						</div>
		</div>
						<div  data-lazy="1" class="module_row themify_builder_row tb_hcao501 tf_w">
						<div class="row_inner col_align_top tb_col_count_1 tf_box tf_rel">
						<div  data-lazy="1" class="module_column tb-column col-full tb_sxor502 first">
					<!-- module image -->
<div  class="module module-image tb_6rph8 image-top   tf_mw" data-lazy="1">
        <div class="image-wrap tf_rel tf_mw">
		    <img loading="lazy" decoding="async" width="1654" height="2339" src="https://cidehus.uevora.pt/wp-content/uploads/2024/10/aquiles-estaco.jpg" class="wp-post-image wp-image-6445" title="aquiles-estaço" alt="aquiles-estaço" srcset="https://cidehus.uevora.pt/wp-content/uploads/2024/10/aquiles-estaco.jpg 1654w, https://cidehus.uevora.pt/wp-content/uploads/2024/10/aquiles-estaco-212x300.jpg 212w, https://cidehus.uevora.pt/wp-content/uploads/2024/10/aquiles-estaco-724x1024.jpg 724w, https://cidehus.uevora.pt/wp-content/uploads/2024/10/aquiles-estaco-768x1086.jpg 768w, https://cidehus.uevora.pt/wp-content/uploads/2024/10/aquiles-estaco-1086x1536.jpg 1086w, https://cidehus.uevora.pt/wp-content/uploads/2024/10/aquiles-estaco-1448x2048.jpg 1448w" sizes="auto, (max-width: 1654px) 100vw, 1654px" />	
		</div>
	<!-- /image-wrap -->
    
    	</div>
<!-- /module image -->		</div>
						</div>
		</div>
		</div>
<!--/themify_builder_content-->

<p>Inauguração da exposição &#8220;Aquiles Estaço, um humanista português na Europa do séc. XVI&#8221; e Mesa-Redonda.</p>

<title>Celebrações Internacionais em ocasião do V Centenário nascimento de Aquiles Estaço (1524-2024) - CIDEHUS</title>
<meta name="description" content="Inauguração da exposição &quot;Aquiles Estaço, um humanista português na Europa do séc. XVI&quot; e Mesa-Redonda." />
<meta name="robots" content="index, follow, max-snippet:-1, max-image-preview:large, max-video-preview:-1" />
<link rel="canonical" href="https://cidehus.uevora.pt/en/calendar/aquiles-estaco/" />
<meta property="og:locale" content="en_US" />
<meta property="og:type" content="article" />
<meta property="og:title" content="Celebrações Internacionais em ocasião do V Centenário nascimento de Aquiles Estaço (1524-2024) - CIDEHUS" />
<meta property="og:description" content="Inauguração da exposição &quot;Aquiles Estaço, um humanista português na Europa do séc. XVI&quot; e Mesa-Redonda." />
<meta property="og:url" content="https://cidehus.uevora.pt/en/calendar/aquiles-estaco/" />
<meta property="og:site_name" content="CIDEHUS" />
<meta property="og:image" content="https://cidehus.uevora.pt/wp-content/uploads/2024/10/capa-aquiles-1.jpg" />
	<meta property="og:image:width" content="512" />
	<meta property="og:image:height" content="240" />
	<meta property="og:image:type" content="image/jpeg" />
<meta name="twitter:card" content="summary_large_image" />
<script type="application/ld+json" class="yoast-schema-graph">{"@context":"https://schema.org","@graph":[{"@type":"WebPage","@id":"https://cidehus.uevora.pt/en/calendar/aquiles-estaco/","url":"https://cidehus.uevora.pt/en/calendar/aquiles-estaco/","name":"Celebrações Internacionais em ocasião do V Centenário nascimento de Aquiles Estaço (1524-2024) - CIDEHUS","isPartOf":{"@id":"https://cidehus.uevora.pt/#website"},"primaryImageOfPage":{"@id":"https://cidehus.uevora.pt/en/calendar/aquiles-estaco/#primaryimage"},"image":{"@id":"https://cidehus.uevora.pt/en/calendar/aquiles-estaco/#primaryimage"},"thumbnailUrl":"https://cidehus.uevora.pt/wp-content/uploads/2024/10/capa-aquiles-1.jpg","datePublished":"2024-10-09T14:14:28+00:00","description":"Inauguração da exposição \"Aquiles Estaço, um humanista português na Europa do séc. XVI\" e Mesa-Redonda.","breadcrumb":{"@id":"https://cidehus.uevora.pt/en/calendar/aquiles-estaco/#breadcrumb"},"inLanguage":"en-US","potentialAction":[{"@type":"ReadAction","target":["https://cidehus.uevora.pt/en/calendar/aquiles-estaco/"]}]},{"@type":"ImageObject","inLanguage":"en-US","@id":"https://cidehus.uevora.pt/en/calendar/aquiles-estaco/#primaryimage","url":"https://cidehus.uevora.pt/wp-content/uploads/2024/10/capa-aquiles-1.jpg","contentUrl":"https://cidehus.uevora.pt/wp-content/uploads/2024/10/capa-aquiles-1.jpg","width":512,"height":240},{"@type":"BreadcrumbList","@id":"https://cidehus.uevora.pt/en/calendar/aquiles-estaco/#breadcrumb","itemListElement":[{"@type":"ListItem","position":1,"name":"Início","item":"https://cidehus.uevora.pt/en/"},{"@type":"ListItem","position":2,"name":"Eventos","item":"https://cidehus.uevora.pt/agenda/"},{"@type":"ListItem","position":3,"name":"Celebrações Internacionais em ocasião do V Centenário nascimento de Aquiles Estaço (1524-2024)"}]},{"@type":"WebSite","@id":"https://cidehus.uevora.pt/#website","url":"https://cidehus.uevora.pt/","name":"CIDEHUS","description":"CIDEHUS","potentialAction":[{"@type":"SearchAction","target":{"@type":"EntryPoint","urlTemplate":"https://cidehus.uevora.pt/?s={search_term_string}"},"query-input":{"@type":"PropertyValueSpecification","valueRequired":true,"valueName":"search_term_string"}}],"inLanguage":"en-US"}]}</script>

Celebrações Internacionais em ocasião do V Centenário nascimento de Aquiles Estaço (1524-2024) - CIDEHUS

Inauguração da exposição "Aquiles Estaço, um humanista português na Europa do séc. XVI" e Mesa-Redonda.

Início
